
143
Let q(b) = -683*b + 5053. What is q(8)?
-411
Let g(t) = -8*t**2 - 540*t + 2577. Calculate g(-72).
-15
Let j(f) = 3*f**3 + 109*f**2 + 82*f + 5792. Determine j(-37).
20
Let y(a) = -570*a - 14690. Give y(-34).
4690
Let i(t) = t**3 + 14*t**2 - 15*t - 393. What is i(-6)?
-15
Let q(h) = -251*h**2 - 1491*h - 1174. What is q(-5)?
6
Let w(j) = -35299*j - 35440. Determine w(-1).
-141
Let b(v) = -2*v**3 - 647*v**2 + 4303*v + 4284. Calculate b(-330).
-6
Let o(p) = 12409*p + 99318. What is o(-8)?
46
Let n(c) = 2*c**3 + 142*c**2 + 185*c - 663. Calculate n(-3).
6
Let j(o) = -42*o**2 + 240*o + 152. Calculate j(5).
302
Let z(u) = -46731*u**2 + 46709*u + 7. Give z(1).
-15
Let o(m) = 18*m**2 - 2568*m + 6740. Determine o(140).
20
Let k(r) = 39*r**2 + 496*r - 619. Give k(-14).
81
Let t(i) = -i**3 + 27*i**2 + 128*i - 120. What is t(31)?
4
Let i(w) = 43*w**2 + 863*w + 867. Calculate i(-19).
-7
Let w(f) = 13*f**2 - 3279*f + 4029. Determine w(251).
13
Let r(u) = 2*u**3 - 16*u**2 - 57*u + 155. Determine r(2).
-7
Let z(i) = 30*i**2 - 1247*i + 2393. Calculate z(2).
19
Let z(q) = -2*q**3 + 6*q**2 + 684*q + 5585. Give z(23).
157
Let m(c) = c**3 - 99*c**2 + 145*c - 4406. What is m(98)?
200
Let q(b) = -1727*b - 13777. Give q(-8).
39
Let a(s) = -2410*s - 47992. Determine a(-20).
208
Let z(k) = -3781*k - 211605. Determine z(-56).
131
Let d(o) = -o**2 + 178*o + 52591. What is d(-157)?
-4
Let f(r) = -259*r**2 - 1786*r + 247. What is f(-7)?
58
Let a(c) = -12114*c - 1914030. What is a(-158)?
-18
Let o(k) = 5*k**2 + 1011*k - 15009. Determine o(-216).
-105
Let s(w) = 67*w**2 + 340*w - 1004. What is s(3)?
619
Let k(x) = -47950*x**2 - 383617*x - 28. Give k(-8).
108
Let y(c) = 662*c**2 + 46344*c + 325. Calculate y(-70).
45
Let f(d) = 6*d**2 + 1525*d + 31849. Calculate f(-231).
-260
Let i(f) = -4*f**3 + 877*f**2 - 211*f - 1467. Give i(219).
285
Let p(o) = -3*o**3 - 966*o**2 - 6*o - 1909. Give p(-322).
23
Let m(h) = 8604*h + 2082164. Determine m(-242).
-4
Let o(w) = w**3 - 211*w**2 + 5771*w - 7662. Determine o(179).
35
Let p(q) = 141*q**2 + 1602*q - 1111. Determine p(-12).
-31
Let s(q) = -10406*q - 31251. What is s(-3)?
-33
Let g(j) = -134186*j - 1073198. What is g(-8)?
290
Let x(o) = 10570*o + 431965. Give x(-41).
-1405
Let c(y) = 6*y**2 + 156*y + 538. Determine c(-21).
-92
Let s(r) = 71*r + 322. Determine s(-4).
38
Let j(u) = u**3 + 324*u**2 + 1919*u + 3503. Determine j(-318).
5
Let b(y) = -53*y**3 + 462*y**2 + 4*y + 9. What is b(9)?
-1170
Let x(c) = -21*c**2 - 665*c - 589. What is x(-30)?
461
Let f(m) = -2516*m - 2252. What is f(-1)?
264
Let p(j) = -202*j + 1786. Give p(18).
-1850
Let i(j) = 246*j**2 + 529*j - 6. Calculate i(-2).
-80
Let h(b) = 18*b**2 - 4204*b + 12449. What is h(3)?
-1
Let r(h) = 2739*h + 131625. What is r(-48)?
153
Let u(o) = -959*o**2 + 39326*o - 286. Give u(41).
1
Let d(w) = 33*w**2 - 3230*w + 36141. Calculate d(85).
16
Let i(l) = -1123*l + 899507. Calculate i(801).
-16
Let n(v) = 5269*v + 1164442. What is n(-221)?
-7
Let k(g) = 2*g**2 + 20027*g + 319924. Determine k(-16).
4
Let t(n) = -3*n**2 + 2522*n - 19983. Calculate t(8).
1
Let s(h) = -4*h**3 + 7*h**2 + 20836*h - 62463. Give s(3).
0
Let d(v) = v**3 - 239*v**2 + 1673*v - 459101. What is d(240)?
19
Let q(k) = -328*k + 2948. Determine q(13).
-1316
Let g(f) = -2*f**3 + 288*f + 860. Determine g(-3).
50
Let t(d) = 46*d**2 - 123*d - 239. Give t(-2).
191
Let n(c) = 1190*c**2 + 30947*c + 224. Determine n(-26).
42
Let y(w) = 4*w**3 - 475*w**2 - 106*w - 1301. What is y(119)?
246
Let z(r) = 11790*r - 54818. Give z(5).
4132
Let s(u) = -4*u**2 + 780*u + 21031. Determine s(-24).
7
Let i(t) = 15*t**2 + 1283*t - 273. Determine i(0).
-273
Let k(v) = 34*v**2 + 556*v + 329. What is k(-16)?
137
Let k(v) = -v**2 + 251*v - 10196. Give k(53).
298
Let b(p) = 5*p**3 - 185*p**2 - 205*p + 7594. Calculate b(37).
9
Let h(w) = 2*w**3 + 25*w**2 + 2600*w + 28253. Determine h(-11).
16
Let g(c) = -4*c**2 + 249*c - 3804. What is g(32)?
68
Let u(x) = x**2 - 197*x - 566. Determine u(198).
-368
Let j(o) = 4*o**3 + 31*o**2 + 335*o + 18. What is j(-8)?
-2726
Let z(u) = -119*u**2 - 21306*u - 891. Determine z(-179).
4
Let b(q) = -2*q**3 + q**2 - 16*q - 142. Determine b(-8).
1074
Let r(m) = -786*m - 350569. Calculate r(-446).
-13
Let v(a) = -380*a + 5041. Determine v(21).
-2939
Let s(r) = -13*r**3 - 57*r**2 - 50*r + 28. What is s(-2)?
4
Let g(i) = -i**3 - 38*i**2 + 39*i - 257. Give g(-39).
-257
Let s(t) = -2*t**3 + 26*t**2 + 87*t + 108. Give s(15).
513
Let g(f) = f**3 - 115*f**2 + 2764*f + 1287. Determine g(35).
27
Let n(a) = -9948*a + 20059. Calculate n(2).
163
Let m(g) = 168*g - 15481. Give m(93).
143
Let j(a) = -22568*a + 1308969. Give j(58).
25
Let x(a) = a**3 + 29*a**2 - 1101*a - 31927. Calculate x(-29).
2
Let q(s) = 1340*s - 16296. Calculate q(12).
-216
Let g(s) = 29*s**2 + 104*s + 877. Determine g(-5).
1082
Let t(y) = -2*y**3 + 106*y**2 + 406*y - 3942. What is t(56)?
-22
Let k(g) = -g**3 + 7*g**2 + 284*g - 2461. What is k(9)?
-67
Let o(s) = s**3 - 47*s**2 + 370*s - 100. Give o(29).
-4508
Let v(h) = -h**2 - 14798*h - 324946. Determine v(-22).
126
Let f(a) = -a**3 + 59*a**2 - 20*a - 88. Calculate f(59).
-1268
Let z(r) = 151*r**2 - 14838*r + 3928. Determine z(98).
8
Let k(f) = -f**3 - 68*f**2 - 260*f + 32878. What is k(-49)?
-1
Let p(o) = -538783*o - 3771484. Give p(-7).
-3
Let f(o) = 46691*o - 233451. Give f(5).
4
Let h(r) = -17*r**2 - 26*r - 114. What is h(4)?
-490
Let p(z) = -z**2 + 6799*z + 985613. Calculate p(-142).
-9
Let k(z) = -10*z**3 - 284*z**2 + 157*z - 53. Calculate k(-29).
440
Let u(b) = -165*b + 9957. Calculate u(56).
717
Let u(r) = 1386*r + 4716. Give u(-2).
1944
Let c(k) = k**3 + 4*k**2 + 111*k + 400. Determine c(-4).
-44
Let n(w) = -4*w**3 - 44*w**2 - 212*w - 534. Calculate n(-6).
18
Let n(q) = 3*q**2 + 4533*q - 101174. Determine n(22).
4
Let g(d) = -d**3 - 121*d**2 - 2923*d + 4961. Calculate g(-36).
29
Let x(z) = 836*z**2 - 13371*z - 110. What is x(16)?
-30
Let d(k) = -k**3 - 129*k**2 + 4021*k + 206. What is d(26)?
-28
Let i(n) = 20*n**2 + 928*n - 5451. Determine i(6).
837
Let g(m) = 5*m**2 - 449*m + 9017. Determine g(51).
-877
Let p(u) = -4984*u - 966762. Determine p(-194).
134
Let c(p) = -4*p**2 - 1448*p - 7138. Give c(-5).
2
Let u(t) = 707*t - 5073. Determine u(7).
-124
Let o(n) = -263*n + 12383. Give o(47).
22
Let a(s) = -7*s**2 + 288*s + 4492. Give a(-15).
-1403
Let b(x) = 13*x**3 - 299*x**2 + 19*x + 186. Determine b(23).
623
Let x(l) = l**2 + 9749*l - 29267. What is x(3)?
-11
Let v(z) = -5*z**3 - 1662*z**2 - 25925*z - 4137. Give v(-316).
-29
Let f(p) = 2*p**3 + 351*p**2 - 3288*p - 29426. Determine f(-184).
14
Let s(w) = -w**2 + 340*w - 7437. Determine s(317).
-146
Let q(a) = -39*a**3 + 503*a - 504. What is q(1)?
-40
Let r(t) = 2*t**3 + 263*t**2 + 5177*t - 7062. Give r(-107).
0
Let f(z) = -2*z**2 + 6780*z - 54108. What is f(8)?
4
Let l(x) = 8506*x - 93559. Calculate l(11).
7
Let u(h) = 2*h**3 + 6*h**2 - 77*h + 538. What is u(10)?
2368
Let u(n) = -8006*n + 392302. Give u(49).
8
Let j(n) = n**2 + 705*n - 14503. Determine j(20).
-3
Let u(f) = 6*f**3 - 86*f**2 + 284*f - 2319. What is u(13)?
21
Let u(b) = -4845*b + 203545. Give u(42).
55
Let i(k) = k**2 - 2704*k - 101441. Determine i(-37).
-24
Let f(m) = -12194*m - 3585028. Give f(-294).
8
Let w(b) = b**3 - 202*b**2 + 1206*b - 97. What is w(6)?
83
Let b(c) = c**3 + 103*c**2 + 458*c + 26259. Determine b(-101).
403
Let k(p) = -p**3 + 224*p**2 - 2746*p + 175. Give k(211).
-458
Let m(s) = 160*s**2 - 104486*s + 3938. What is m(653)?
20
Let p(f) = -2*f**3 - 105*f**2 - 1222*f - 1196. Give p(-36).
28
Let n(q) = 33*q**2 - 198*q + 89. Give n(5).
-76
Let a(m) = 52401*m - 209589. What is a(4)?
15
Let j(q) = 2*q**2 - 32*q - 2. Determine j(7).
-128
Let u(x) = -9*x**2 + 44*x + 1159. What is u(-11)?
-414
Let x(z) = 18*z**2 - 9260*z + 18448. What is x(2)?
0
Let z(b) = -1586*b - 391764. Give z(-247).
-22
Let g(y) = 9*y**3 + 99*y**2 + 34*y + 406. Determine g(-11).
32
Let y(w) = -10*w**2 - 133*w + 18. Determine y(-9).
405
Let z(h) = -h**3 - 166*h**2 - 359*h - 4963. Calculate z(-164).
121
Let z(b) = -3*b**2 + 227*b - 785. Calculate z(72).
7
Let c(s) = 341*s - 67942. Give c(199).
-83
Let i(t) = t**3 + 64*t**2 + 421*t - 173. Calculate i(-57).
-1427
Let c(z) = -z**3 - 477*z**2 - 1482*z - 28454.